{"id":206,"date":"2025-02-27T10:26:10","date_gmt":"2025-02-27T10:26:10","guid":{"rendered":"https:\/\/pj.oscloud.online\/?page_id=206"},"modified":"2026-01-22T12:39:17","modified_gmt":"2026-01-22T12:39:17","slug":"ubytovani","status":"publish","type":"page","link":"https:\/\/penzion-janostik.cz\/index.php\/ubytovani\/","title":{"rendered":"Ubytov\u00e1n\u00ed"},"content":{"rendered":"\t\t<div data-elementor-type=\"wp-page\" data-elementor-id=\"206\" class=\"elementor elementor-206\" data-elementor-post-type=\"page\">\n\t\t\t\t<div class=\"elementor-element elementor-element-496bd2b e-flex e-con-boxed e-con e-parent\" data-id=\"496bd2b\" data-element_type=\"container\">\n\t\t\t\t\t<div class=\"e-con-inner\">\n\t\t\t\t<div class=\"elementor-element elementor-element-f915854 elementor-widget elementor-widget-image\" data-id=\"f915854\" data-element_type=\"widget\" data-widget_type=\"image.default\">\n\t\t\t\t<div class=\"elementor-widget-container\">\n\t\t\t\t\t\t\t\t\t\t\t\t\t\t\t<img fetchpriority=\"high\" decoding=\"async\" width=\"800\" height=\"450\" src=\"https:\/\/penzion-janostik.cz\/wp-content\/uploads\/2026\/01\/IMG_2319-1024x576.jpeg\" class=\"attachment-large size-large wp-image-695\" alt=\"\" srcset=\"https:\/\/penzion-janostik.cz\/wp-content\/uploads\/2026\/01\/IMG_2319-1024x576.jpeg 1024w, https:\/\/penzion-janostik.cz\/wp-content\/uploads\/2026\/01\/IMG_2319-300x169.jpeg 300w, https:\/\/penzion-janostik.cz\/wp-content\/uploads\/2026\/01\/IMG_2319-768x432.jpeg 768w, https:\/\/penzion-janostik.cz\/wp-content\/uploads\/2026\/01\/IMG_2319-1536x864.jpeg 1536w, https:\/\/penzion-janostik.cz\/wp-content\/uploads\/2026\/01\/IMG_2319-2048x1152.jpeg 2048w\" sizes=\"(max-width: 800px) 100vw, 800px\" \/>\t\t\t\t\t\t\t\t\t\t\t\t\t\t\t<\/div>\n\t\t\t\t<\/div>\n\t\t\t\t<div class=\"elementor-element elementor-element-63273ed elementor-widget elementor-widget-heading\" data-id=\"63273ed\" data-element_type=\"widget\" data-widget_type=\"heading.default\">\n\t\t\t\t<div class=\"elementor-widget-container\">\n\t\t\t\t\t<h6 class=\"elementor-heading-title elementor-size-default\">Nab\u00edz\u00edme ubytov\u00e1n\u00ed v n\u011bkolika typech pokoj\u016f a apartm\u00e1n\u016f. U v\u0161ech pokoj\u016f p\u0159i kliknut\u00ed na jejich n\u00e1zev vstoup\u00edte do fotogalerie dan\u00e9ho pokoje.<\/h6>\t\t\t\t<\/div>\n\t\t\t\t<\/div>\n\t\t\t\t<div class=\"elementor-element elementor-element-c1b5191 elementor-widget elementor-widget-text-editor\" data-id=\"c1b5191\" data-element_type=\"widget\" data-widget_type=\"text-editor.default\">\n\t\t\t\t<div class=\"elementor-widget-container\">\n\t\t\t\t\t\t\t\t\t<p style=\"text-align: center;\"><a href=\"https:\/\/penzion-janostik.cz\/index.php\/pokoj-1\/\"><strong>1<\/strong>\u00a0<strong>Dvoul\u016f\u017ekov\u00fd pokoj DE LUXE<\/strong><\/a>\u00a0s man\u017eelskou postel\u00ed a sprchou, mo\u017enost d\u011btsk\u00e9 post\u00fdlky<\/p><p style=\"text-align: center;\"><a href=\"https:\/\/penzion-janostik.cz\/index.php\/pokoj-2\/\" rel=\"noopener\"><strong>2 Dvoul\u016f\u017ekov\u00fd pokoj DE LUXE<\/strong><\/a>\u00a0s man\u017eelskou postel\u00ed a sprchou, mo\u017enost d\u011btsk\u00e9 post\u00fdlky<\/p><p style=\"text-align: center;\"><a href=\"https:\/\/penzion-janostik.cz\/index.php\/pokoj-4\/\" rel=\"noopener\"><strong>4 Dvoul\u016f\u017ekov\u00fd pokoj STANDART<\/strong><\/a> samostatn\u00e9 postele a sprcha,v\u00fdhled do dvora<\/p><p style=\"text-align: center;\"><a href=\"https:\/\/penzion-janostik.cz\/index.php\/pokoje-5-a-6\/\" rel=\"noopener\"><strong>5 Jednol\u016f\u017ekov\u00fd pokoj<\/strong><\/a>, v\u00fdhled do dvora, sprcha<\/p><p style=\"text-align: center;\"><a href=\"https:\/\/penzion-janostik.cz\/index.php\/https:\/\/penzion-janostik.cz\/index.php\/pokoj-6\/\" rel=\"noopener\"><strong>6 Jednol\u016f\u017ekov\u00fd pokoj<\/strong><\/a>, v\u00fdhled do dvora, sprcha<\/p><p style=\"text-align: center;\"><a href=\"https:\/\/penzion-janostik.cz\/index.php\/pokoje-7-8-a-9\/\" rel=\"noopener\"><strong>7 Dvoul\u016f\u017ekov\u00fd pokoj SUPERIOR<\/strong><\/a>\u00a0s man\u017eelskou postel\u00ed a sprchou, mo\u017enost d\u011btsk\u00e9 post\u00fdlky<\/p><p style=\"text-align: center;\"><a href=\"https:\/\/penzion-janostik.cz\/index.php\/pokoj-8\/\" rel=\"noopener\"><strong>8 Dvoul\u016f\u017ekov\u00fd pokoj SUPERIOR<\/strong>\u00a0<\/a>s man\u017eelskou postel\u00ed a sprchou,v\u00fdhled do dvora<\/p><p style=\"text-align: center;\"><a href=\"https:\/\/penzion-janostik.cz\/index.php\/pokoj-9\/\" rel=\"noopener\"><strong>9 Dvoul\u016f\u017ekov\u00fd pokoj SUPERIOR<\/strong><\/a>\u00a0s man\u017eelskou postel\u00ed a sprchou<\/p><p style=\"text-align: center;\"><a href=\"https:\/\/penzion-janostik.cz\/index.php\/pokoj-10\/\" rel=\"noopener\"><strong>10 T\u0159\u00edl\u016f\u017ekov\u00fd pokoj<\/strong><\/a>\u00a0s v\u00fdhledem do dvora a sprchou, mo\u017enost d\u011btsk\u00e9 post\u00fdlky nebo p\u0159ist\u00fdlky<\/p><p style=\"text-align: center;\"><a href=\"https:\/\/penzion-janostik.cz\/index.php\/pokoj-11\/\" rel=\"noopener\"><strong>11 Rodinn\u00fd pokoj typu STANDART<\/strong><\/a>\u00a0\u2013 5 l\u016f\u017eek ve dvou samostatn\u00fdch pokoj\u00edch, se sprchou, mo\u017enost d\u011btsk\u00e9 post\u00fdlky nebo p\u0159ist\u00fdlky<\/p><p style=\"text-align: center;\"><a href=\"https:\/\/penzion-janostik.cz\/index.php\/apartman-12\/\" rel=\"noopener\"><strong>12 Apartm\u00e1 s man\u017eelskou postel\u00ed KING<\/strong><\/a>\u00a0\u2013 4 l\u016f\u017eka ve dvou samostatn\u00fdch pokoj\u00edch, s balkonem,sprchou a lednic\u00ed, mo\u017enost d\u011btsk\u00e9 post\u00fdlky nebo p\u0159ist\u00fdlky<\/p><p style=\"text-align: center;\"><a href=\"https:\/\/penzion-janostik.cz\/index.php\/apartman-13\/\" rel=\"noopener\"><strong>13 Apartm\u00e1 s man\u017eelskou postel\u00ed KING<\/strong><\/a>\u00a0\u2013 5 l\u016f\u017eek ve dvou samostatn\u00fdch pokoj\u00edch se sprchou, mo\u017enost d\u011btsk\u00e9 post\u00fdlky nebo p\u0159ist\u00fdlky<\/p><p style=\"text-align: center;\">Pozn:\u00a0 Cena zahrnuje sn\u00eddani.<br \/>V cen\u011b nejsou zahrnuty Poplatek z pobytu Obecn\u00edmu \u00fa\u0159adu \u00a0dle Vyhl\u00e1\u0161ky m\u011bsta Ro\u017enov pod Radho\u0161t\u011bm OZV\u010d.1 \/ 2020 o m\u00edstn\u00edch poplatc\u00edch. Tento poplatek \u010din\u00ed 50,- K\u010d za osobu\/den (v\u010detn\u011b ka\u017ed\u00e9ho zapo\u010dat\u00e9ho) a je hrazen zvl\u00e1\u0161\u0165 klientem, kter\u00fd pob\u00fdv\u00e1 na \u00fazem\u00ed m\u011bsta dle v\u00fd\u0161e uveden\u00fdch d\u016fvod\u016f.<\/p><p style=\"text-align: center;\">Poplatku za ubytov\u00e1n\u00ed nepodl\u00e9haj\u00ed: a) osoby nevidom\u00e9, bezmocn\u00e9 a osoby s t\u011b\u017ek\u00fdm zdravotn\u00edm posti\u017een\u00edm, kter\u00fdm byl p\u0159izn\u00e1n III. stupe\u0148 mimo\u0159\u00e1dn\u00fdch v\u00fdhod podle zvl\u00e1\u0161tn\u00edho pr\u00e1vn\u00edho p\u0159edpisu a jejich pr\u016fvodci.<br \/>b) osoby mlad\u0161\u00ed 18-ti let a star\u0161\u00ed 70-ti let nebo osoby, na kter\u00e9 n\u00e1le\u017e\u00ed p\u0159\u00eddavky na d\u011bti (v\u00fdchovn\u00e9).<\/p>\t\t\t\t\t\t\t\t<\/div>\n\t\t\t\t<\/div>\n\t\t\t\t\t<\/div>\n\t\t\t\t<\/div>\n\t\t<div class=\"elementor-element elementor-element-53b3820 e-flex e-con-boxed e-con e-parent\" data-id=\"53b3820\" data-element_type=\"container\">\n\t\t\t\t\t<div class=\"e-con-inner\">\n\t\t\t\t\t<\/div>\n\t\t\t\t<\/div>\n\t\t\t\t<\/div>\n\t\t","protected":false},"excerpt":{"rendered":"<p>Nab\u00edz\u00edme ubytov\u00e1n\u00ed v n\u011bkolika typech pokoj\u016f a apartm\u00e1n\u016f. U v\u0161ech pokoj\u016f p\u0159i kliknut\u00ed na jejich n\u00e1zev vstoup\u00edte do fotogalerie dan\u00e9ho pokoje. 1\u00a0Dvoul\u016f\u017ekov\u00fd pokoj DE LUXE\u00a0s man\u017eelskou postel\u00ed a sprchou, mo\u017enost d\u011btsk\u00e9 post\u00fdlky 2 Dvoul\u016f\u017ekov\u00fd pokoj DE LUXE\u00a0s man\u017eelskou postel\u00ed a sprchou, mo\u017enost d\u011btsk\u00e9 post\u00fdlky 4 Dvoul\u016f\u017ekov\u00fd pokoj STANDART samostatn\u00e9 postele a sprcha,v\u00fdhled do dvora 5 [&hellip;]<\/p>\n","protected":false},"author":1,"featured_media":0,"parent":0,"menu_order":0,"comment_status":"closed","ping_status":"closed","template":"","meta":{"footnotes":""},"class_list":["post-206","page","type-page","status-publish","hentry"],"_links":{"self":[{"href":"https:\/\/penzion-janostik.cz\/index.php\/wp-json\/wp\/v2\/pages\/206","targetHints":{"allow":["GET"]}}],"collection":[{"href":"https:\/\/penzion-janostik.cz\/index.php\/wp-json\/wp\/v2\/pages"}],"about":[{"href":"https:\/\/penzion-janostik.cz\/index.php\/wp-json\/wp\/v2\/types\/page"}],"author":[{"embeddable":true,"href":"https:\/\/penzion-janostik.cz\/index.php\/wp-json\/wp\/v2\/users\/1"}],"replies":[{"embeddable":true,"href":"https:\/\/penzion-janostik.cz\/index.php\/wp-json\/wp\/v2\/comments?post=206"}],"version-history":[{"count":61,"href":"https:\/\/penzion-janostik.cz\/index.php\/wp-json\/wp\/v2\/pages\/206\/revisions"}],"predecessor-version":[{"id":946,"href":"https:\/\/penzion-janostik.cz\/index.php\/wp-json\/wp\/v2\/pages\/206\/revisions\/946"}],"wp:attachment":[{"href":"https:\/\/penzion-janostik.cz\/index.php\/wp-json\/wp\/v2\/media?parent=206"}],"curies":[{"name":"wp","href":"https:\/\/api.w.org\/{rel}","templated":true}]}}