{"id":342,"date":"2025-02-27T11:46:14","date_gmt":"2025-02-27T11:46:14","guid":{"rendered":"https:\/\/pj.oscloud.online\/?page_id=342"},"modified":"2025-02-27T11:56:09","modified_gmt":"2025-02-27T11:56:09","slug":"apartman-12","status":"publish","type":"page","link":"https:\/\/penzion-janostik.cz\/index.php\/apartman-12\/","title":{"rendered":"Apartm\u00e1n 12"},"content":{"rendered":"\t\t<div data-elementor-type=\"wp-page\" data-elementor-id=\"342\" class=\"elementor elementor-342\" data-elementor-post-type=\"page\">\n\t\t\t\t<div class=\"elementor-element elementor-element-9892d6c e-flex e-con-boxed e-con e-parent\" data-id=\"9892d6c\" data-element_type=\"container\">\n\t\t\t\t\t<div class=\"e-con-inner\">\n\t\t\t\t<div class=\"elementor-element elementor-element-c7049b9 elementor-widget elementor-widget-heading\" data-id=\"c7049b9\" data-element_type=\"widget\" data-widget_type=\"heading.default\">\n\t\t\t\t<div class=\"elementor-widget-container\">\n\t\t\t\t\t<h4 class=\"elementor-heading-title elementor-size-default\">Apartm\u00e1n 12<\/h4>\t\t\t\t<\/div>\n\t\t\t\t<\/div>\n\t\t\t\t<div class=\"elementor-element elementor-element-7b8edc0 elementor-widget elementor-widget-text-editor\" data-id=\"7b8edc0\" data-element_type=\"widget\" data-widget_type=\"text-editor.default\">\n\t\t\t\t<div class=\"elementor-widget-container\">\n\t\t\t\t\t\t\t\t\t<p style=\"text-align: center;\"><strong>Apartm\u00e1 s man\u017eelskou postel\u00ed King a balkonem, dva samostatn\u00e9 pokoje.<br \/><\/strong>Apartm\u00e1 s balkonem, TV s plochou obrazovkou a posezen\u00edm.<br \/>Bezplatn\u00e9 Wi-Fi je k dispozici ve v\u0161ech pokoj\u00edch.<\/p><p style=\"text-align: center;\"><strong>Vybaven\u00ed pokoje:\u00a0<\/strong><span class=\"\" data-name-en=\"\">Sprcha<\/span>,\u00a0<span class=\"\" data-name-en=\"\">TV<\/span>,<span class=\"\" data-name-en=\"\">Balkon<\/span>,\u00a0<span class=\"\" data-name-en=\"\">r\u00e1dio<\/span>,\u00a0<span class=\"\" data-name-en=\"\">ledni\u010dka<\/span>,\u00a0<span class=\"\" data-name-en=\"\">posezen\u00ed<\/span>, t<span class=\"\" data-name-en=\"\">oaletn\u00ed pot\u0159eby zdarma<\/span>,\u00a0<span class=\"\" data-name-en=\"\">toaleta<\/span>,\u00a0<span class=\"\" data-name-en=\"\">koupelna<\/span>,\u00a0<span class=\"\" data-name-en=\"\">topen\u00ed<\/span>,\u00a0<span class=\"\" data-name-en=\"\">satelitn\u00ed programy<\/span>, v<span class=\"\" data-name-en=\"\">ana nebo sprcha<\/span>,\u00a0<span class=\"\" data-name-en=\"\">koberec<\/span>,\u00a0<span class=\"\" data-name-en=\"\">TV s plochou obrazovkou<\/span>,\u00a0<span class=\"\" data-name-en=\"\">soukrom\u00fd vchod do budovy<\/span>,\u00a0<span class=\"\" data-name-en=\"\">zvukov\u00e1 izolace<\/span>, v<span class=\"\" data-name-en=\"\">\u00fdhled<\/span>,\u00a0<span class=\"\" data-name-en=\"\">bud\u00edk<\/span>,\u00a0<span class=\"\" data-name-en=\"\">sk\u0159\u00ed\u0148\/\u0161atna<\/span>,\u00a0<span class=\"\" data-name-en=\"\">v\u00fdhled do zahrady<\/span>,\u00a0<span class=\"\" data-name-en=\"\">ru\u010dn\u00edky<\/span>,\u00a0<span class=\"\" data-name-en=\"\">povle\u010den\u00ed<\/span>,\u00a0<span class=\"\" data-name-en=\"\">vy\u0161\u0161\u00ed patra jsou dostupn\u00e1 pouze po schodech<\/span>,\u00a0<span class=\"\" data-name-en=\"\">v\u011b\u0161\u00e1k na oble\u010den\u00ed<\/span>,\u00a0<span class=\"\" data-name-en=\"\">su\u0161\u00e1k na pr\u00e1dlo<\/span>,\u00a0<span class=\"\" data-name-en=\"\">toaletn\u00ed pap\u00edr<\/span>, b<span class=\"\" data-name-en=\"\">ezbari\u00e9rov\u00e1 sprcha<\/span><\/p>\t\t\t\t\t\t\t\t<\/div>\n\t\t\t\t<\/div>\n\t\t\t\t<div class=\"elementor-element elementor-element-312a9e7 elementor-widget elementor-widget-gallery\" data-id=\"312a9e7\" data-element_type=\"widget\" data-settings=\"{&quot;lazyload&quot;:&quot;yes&quot;,&quot;gallery_layout&quot;:&quot;grid&quot;,&quot;columns&quot;:4,&quot;columns_tablet&quot;:2,&quot;columns_mobile&quot;:1,&quot;gap&quot;:{&quot;unit&quot;:&quot;px&quot;,&quot;size&quot;:10,&quot;sizes&quot;:[]},&quot;gap_tablet&quot;:{&quot;unit&quot;:&quot;px&quot;,&quot;size&quot;:10,&quot;sizes&quot;:[]},&quot;gap_mobile&quot;:{&quot;unit&quot;:&quot;px&quot;,&quot;size&quot;:10,&quot;sizes&quot;:[]},&quot;link_to&quot;:&quot;file&quot;,&quot;aspect_ratio&quot;:&quot;3:2&quot;,&quot;overlay_background&quot;:&quot;yes&quot;,&quot;content_hover_animation&quot;:&quot;fade-in&quot;}\" data-widget_type=\"gallery.default\">\n\t\t\t\t<div class=\"elementor-widget-container\">\n\t\t\t\t\t\t\t<div class=\"elementor-gallery__container\">\n\t\t\t\t\t\t\t<a class=\"e-gallery-item elementor-gallery-item elementor-animated-content\" href=\"https:\/\/penzion-janostik.cz\/wp-content\/uploads\/2025\/02\/IMG_E2322-1024x576-1.jpg\" data-elementor-open-lightbox=\"yes\" data-elementor-lightbox-slideshow=\"312a9e7\" data-elementor-lightbox-title=\"IMG_E2322-1024x576\" data-e-action-hash=\"#elementor-action%3Aaction%3Dlightbox%26settings%3DeyJpZCI6MzQ0LCJ1cmwiOiJodHRwczpcL1wvcGVuemlvbi1qYW5vc3Rpay5jelwvd3AtY29udGVudFwvdXBsb2Fkc1wvMjAyNVwvMDJcL0lNR19FMjMyMi0xMDI0eDU3Ni0xLmpwZyIsInNsaWRlc2hvdyI6IjMxMmE5ZTcifQ%3D%3D\">\n\t\t\t\t\t<div class=\"e-gallery-image elementor-gallery-item__image\" data-thumbnail=\"https:\/\/penzion-janostik.cz\/wp-content\/uploads\/2025\/02\/IMG_E2322-1024x576-1.jpg\" data-width=\"800\" data-height=\"450\" aria-label=\"\" role=\"img\" ><\/div>\n\t\t\t\t\t\t\t\t\t\t\t<div class=\"elementor-gallery-item__overlay\"><\/div>\n\t\t\t\t\t\t\t\t\t\t\t\t\t\t<\/a>\n\t\t\t\t\t\t\t<a class=\"e-gallery-item elementor-gallery-item elementor-animated-content\" href=\"https:\/\/penzion-janostik.cz\/wp-content\/uploads\/2025\/02\/IMG_E2323-1024x576-1.jpg\" data-elementor-open-lightbox=\"yes\" data-elementor-lightbox-slideshow=\"312a9e7\" data-elementor-lightbox-title=\"IMG_E2323-1024x576\" data-e-action-hash=\"#elementor-action%3Aaction%3Dlightbox%26settings%3DeyJpZCI6MzQ1LCJ1cmwiOiJodHRwczpcL1wvcGVuemlvbi1qYW5vc3Rpay5jelwvd3AtY29udGVudFwvdXBsb2Fkc1wvMjAyNVwvMDJcL0lNR19FMjMyMy0xMDI0eDU3Ni0xLmpwZyIsInNsaWRlc2hvdyI6IjMxMmE5ZTcifQ%3D%3D\">\n\t\t\t\t\t<div class=\"e-gallery-image elementor-gallery-item__image\" data-thumbnail=\"https:\/\/penzion-janostik.cz\/wp-content\/uploads\/2025\/02\/IMG_E2323-1024x576-1.jpg\" data-width=\"800\" data-height=\"450\" aria-label=\"\" role=\"img\" ><\/div>\n\t\t\t\t\t\t\t\t\t\t\t<div class=\"elementor-gallery-item__overlay\"><\/div>\n\t\t\t\t\t\t\t\t\t\t\t\t\t\t<\/a>\n\t\t\t\t\t\t\t<a class=\"e-gallery-item elementor-gallery-item elementor-animated-content\" href=\"https:\/\/penzion-janostik.cz\/wp-content\/uploads\/2025\/02\/IMG_E2324-1024x576-1.jpg\" data-elementor-open-lightbox=\"yes\" data-elementor-lightbox-slideshow=\"312a9e7\" data-elementor-lightbox-title=\"IMG_E2324-1024x576\" data-e-action-hash=\"#elementor-action%3Aaction%3Dlightbox%26settings%3DeyJpZCI6MzQ2LCJ1cmwiOiJodHRwczpcL1wvcGVuemlvbi1qYW5vc3Rpay5jelwvd3AtY29udGVudFwvdXBsb2Fkc1wvMjAyNVwvMDJcL0lNR19FMjMyNC0xMDI0eDU3Ni0xLmpwZyIsInNsaWRlc2hvdyI6IjMxMmE5ZTcifQ%3D%3D\">\n\t\t\t\t\t<div class=\"e-gallery-image elementor-gallery-item__image\" data-thumbnail=\"https:\/\/penzion-janostik.cz\/wp-content\/uploads\/2025\/02\/IMG_E2324-1024x576-1.jpg\" data-width=\"800\" data-height=\"450\" aria-label=\"\" role=\"img\" ><\/div>\n\t\t\t\t\t\t\t\t\t\t\t<div class=\"elementor-gallery-item__overlay\"><\/div>\n\t\t\t\t\t\t\t\t\t\t\t\t\t\t<\/a>\n\t\t\t\t\t\t\t<a class=\"e-gallery-item elementor-gallery-item elementor-animated-content\" href=\"https:\/\/penzion-janostik.cz\/wp-content\/uploads\/2025\/02\/IMG_E2327-1024x576-1.jpg\" data-elementor-open-lightbox=\"yes\" data-elementor-lightbox-slideshow=\"312a9e7\" data-elementor-lightbox-title=\"IMG_E2327-1024x576\" data-e-action-hash=\"#elementor-action%3Aaction%3Dlightbox%26settings%3DeyJpZCI6MzQ3LCJ1cmwiOiJodHRwczpcL1wvcGVuemlvbi1qYW5vc3Rpay5jelwvd3AtY29udGVudFwvdXBsb2Fkc1wvMjAyNVwvMDJcL0lNR19FMjMyNy0xMDI0eDU3Ni0xLmpwZyIsInNsaWRlc2hvdyI6IjMxMmE5ZTcifQ%3D%3D\">\n\t\t\t\t\t<div class=\"e-gallery-image elementor-gallery-item__image\" data-thumbnail=\"https:\/\/penzion-janostik.cz\/wp-content\/uploads\/2025\/02\/IMG_E2327-1024x576-1.jpg\" data-width=\"800\" data-height=\"450\" aria-label=\"\" role=\"img\" ><\/div>\n\t\t\t\t\t\t\t\t\t\t\t<div class=\"elementor-gallery-item__overlay\"><\/div>\n\t\t\t\t\t\t\t\t\t\t\t\t\t\t<\/a>\n\t\t\t\t\t\t\t<a class=\"e-gallery-item elementor-gallery-item elementor-animated-content\" href=\"https:\/\/penzion-janostik.cz\/wp-content\/uploads\/2025\/02\/IMG_E2328-1024x576-1.jpg\" data-elementor-open-lightbox=\"yes\" data-elementor-lightbox-slideshow=\"312a9e7\" data-elementor-lightbox-title=\"IMG_E2328-1024x576\" data-e-action-hash=\"#elementor-action%3Aaction%3Dlightbox%26settings%3DeyJpZCI6MzQ4LCJ1cmwiOiJodHRwczpcL1wvcGVuemlvbi1qYW5vc3Rpay5jelwvd3AtY29udGVudFwvdXBsb2Fkc1wvMjAyNVwvMDJcL0lNR19FMjMyOC0xMDI0eDU3Ni0xLmpwZyIsInNsaWRlc2hvdyI6IjMxMmE5ZTcifQ%3D%3D\">\n\t\t\t\t\t<div class=\"e-gallery-image elementor-gallery-item__image\" data-thumbnail=\"https:\/\/penzion-janostik.cz\/wp-content\/uploads\/2025\/02\/IMG_E2328-1024x576-1.jpg\" data-width=\"800\" data-height=\"450\" aria-label=\"\" role=\"img\" ><\/div>\n\t\t\t\t\t\t\t\t\t\t\t<div class=\"elementor-gallery-item__overlay\"><\/div>\n\t\t\t\t\t\t\t\t\t\t\t\t\t\t<\/a>\n\t\t\t\t\t\t\t<a class=\"e-gallery-item elementor-gallery-item elementor-animated-content\" href=\"https:\/\/penzion-janostik.cz\/wp-content\/uploads\/2025\/02\/IMG_E2329-1024x576-1.jpg\" data-elementor-open-lightbox=\"yes\" data-elementor-lightbox-slideshow=\"312a9e7\" data-elementor-lightbox-title=\"IMG_E2329-1024x576\" data-e-action-hash=\"#elementor-action%3Aaction%3Dlightbox%26settings%3DeyJpZCI6MzQ5LCJ1cmwiOiJodHRwczpcL1wvcGVuemlvbi1qYW5vc3Rpay5jelwvd3AtY29udGVudFwvdXBsb2Fkc1wvMjAyNVwvMDJcL0lNR19FMjMyOS0xMDI0eDU3Ni0xLmpwZyIsInNsaWRlc2hvdyI6IjMxMmE5ZTcifQ%3D%3D\">\n\t\t\t\t\t<div class=\"e-gallery-image elementor-gallery-item__image\" data-thumbnail=\"https:\/\/penzion-janostik.cz\/wp-content\/uploads\/2025\/02\/IMG_E2329-1024x576-1.jpg\" data-width=\"800\" data-height=\"450\" aria-label=\"\" role=\"img\" ><\/div>\n\t\t\t\t\t\t\t\t\t\t\t<div class=\"elementor-gallery-item__overlay\"><\/div>\n\t\t\t\t\t\t\t\t\t\t\t\t\t\t<\/a>\n\t\t\t\t\t\t\t<a class=\"e-gallery-item elementor-gallery-item elementor-animated-content\" href=\"https:\/\/penzion-janostik.cz\/wp-content\/uploads\/2025\/02\/IMG_E2335-576x1024-1.jpg\" data-elementor-open-lightbox=\"yes\" data-elementor-lightbox-slideshow=\"312a9e7\" data-elementor-lightbox-title=\"IMG_E2335-576x1024\" data-e-action-hash=\"#elementor-action%3Aaction%3Dlightbox%26settings%3DeyJpZCI6MzUzLCJ1cmwiOiJodHRwczpcL1wvcGVuemlvbi1qYW5vc3Rpay5jelwvd3AtY29udGVudFwvdXBsb2Fkc1wvMjAyNVwvMDJcL0lNR19FMjMzNS01NzZ4MTAyNC0xLmpwZyIsInNsaWRlc2hvdyI6IjMxMmE5ZTcifQ%3D%3D\">\n\t\t\t\t\t<div class=\"e-gallery-image elementor-gallery-item__image\" data-thumbnail=\"https:\/\/penzion-janostik.cz\/wp-content\/uploads\/2025\/02\/IMG_E2335-576x1024-1.jpg\" data-width=\"576\" data-height=\"1024\" aria-label=\"\" role=\"img\" ><\/div>\n\t\t\t\t\t\t\t\t\t\t\t<div class=\"elementor-gallery-item__overlay\"><\/div>\n\t\t\t\t\t\t\t\t\t\t\t\t\t\t<\/a>\n\t\t\t\t\t\t\t<a class=\"e-gallery-item elementor-gallery-item elementor-animated-content\" href=\"https:\/\/penzion-janostik.cz\/wp-content\/uploads\/2025\/02\/IMG_E2332-576x1024-1.jpg\" data-elementor-open-lightbox=\"yes\" data-elementor-lightbox-slideshow=\"312a9e7\" data-elementor-lightbox-title=\"IMG_E2332-576x1024\" data-e-action-hash=\"#elementor-action%3Aaction%3Dlightbox%26settings%3DeyJpZCI6MzUwLCJ1cmwiOiJodHRwczpcL1wvcGVuemlvbi1qYW5vc3Rpay5jelwvd3AtY29udGVudFwvdXBsb2Fkc1wvMjAyNVwvMDJcL0lNR19FMjMzMi01NzZ4MTAyNC0xLmpwZyIsInNsaWRlc2hvdyI6IjMxMmE5ZTcifQ%3D%3D\">\n\t\t\t\t\t<div class=\"e-gallery-image elementor-gallery-item__image\" data-thumbnail=\"https:\/\/penzion-janostik.cz\/wp-content\/uploads\/2025\/02\/IMG_E2332-576x1024-1.jpg\" data-width=\"576\" data-height=\"1024\" aria-label=\"\" role=\"img\" ><\/div>\n\t\t\t\t\t\t\t\t\t\t\t<div class=\"elementor-gallery-item__overlay\"><\/div>\n\t\t\t\t\t\t\t\t\t\t\t\t\t\t<\/a>\n\t\t\t\t\t\t\t<a class=\"e-gallery-item elementor-gallery-item elementor-animated-content\" href=\"https:\/\/penzion-janostik.cz\/wp-content\/uploads\/2025\/02\/IMG_E2333-576x1024-1.jpg\" data-elementor-open-lightbox=\"yes\" data-elementor-lightbox-slideshow=\"312a9e7\" data-elementor-lightbox-title=\"IMG_E2333-576x1024\" data-e-action-hash=\"#elementor-action%3Aaction%3Dlightbox%26settings%3DeyJpZCI6MzUxLCJ1cmwiOiJodHRwczpcL1wvcGVuemlvbi1qYW5vc3Rpay5jelwvd3AtY29udGVudFwvdXBsb2Fkc1wvMjAyNVwvMDJcL0lNR19FMjMzMy01NzZ4MTAyNC0xLmpwZyIsInNsaWRlc2hvdyI6IjMxMmE5ZTcifQ%3D%3D\">\n\t\t\t\t\t<div class=\"e-gallery-image elementor-gallery-item__image\" data-thumbnail=\"https:\/\/penzion-janostik.cz\/wp-content\/uploads\/2025\/02\/IMG_E2333-576x1024-1.jpg\" data-width=\"576\" data-height=\"1024\" aria-label=\"\" role=\"img\" ><\/div>\n\t\t\t\t\t\t\t\t\t\t\t<div class=\"elementor-gallery-item__overlay\"><\/div>\n\t\t\t\t\t\t\t\t\t\t\t\t\t\t<\/a>\n\t\t\t\t\t\t\t<a class=\"e-gallery-item elementor-gallery-item elementor-animated-content\" href=\"https:\/\/penzion-janostik.cz\/wp-content\/uploads\/2025\/02\/IMG_E2334-576x1024-1.jpg\" data-elementor-open-lightbox=\"yes\" data-elementor-lightbox-slideshow=\"312a9e7\" data-elementor-lightbox-title=\"IMG_E2334-576x1024\" data-e-action-hash=\"#elementor-action%3Aaction%3Dlightbox%26settings%3DeyJpZCI6MzUyLCJ1cmwiOiJodHRwczpcL1wvcGVuemlvbi1qYW5vc3Rpay5jelwvd3AtY29udGVudFwvdXBsb2Fkc1wvMjAyNVwvMDJcL0lNR19FMjMzNC01NzZ4MTAyNC0xLmpwZyIsInNsaWRlc2hvdyI6IjMxMmE5ZTcifQ%3D%3D\">\n\t\t\t\t\t<div class=\"e-gallery-image elementor-gallery-item__image\" data-thumbnail=\"https:\/\/penzion-janostik.cz\/wp-content\/uploads\/2025\/02\/IMG_E2334-576x1024-1.jpg\" data-width=\"576\" data-height=\"1024\" aria-label=\"\" role=\"img\" ><\/div>\n\t\t\t\t\t\t\t\t\t\t\t<div class=\"elementor-gallery-item__overlay\"><\/div>\n\t\t\t\t\t\t\t\t\t\t\t\t\t\t<\/a>\n\t\t\t\t\t<\/div>\n\t\t\t\t\t<\/div>\n\t\t\t\t<\/div>\n\t\t\t\t\t<\/div>\n\t\t\t\t<\/div>\n\t\t\t\t<\/div>\n\t\t","protected":false},"excerpt":{"rendered":"<p>Apartm\u00e1n 12 Apartm\u00e1 s man\u017eelskou postel\u00ed King a balkonem, dva samostatn\u00e9 pokoje.Apartm\u00e1 s balkonem, TV s plochou obrazovkou a posezen\u00edm.Bezplatn\u00e9 Wi-Fi je k dispozici ve v\u0161ech pokoj\u00edch. Vybaven\u00ed pokoje:\u00a0Sprcha,\u00a0TV,Balkon,\u00a0r\u00e1dio,\u00a0ledni\u010dka,\u00a0posezen\u00ed, toaletn\u00ed pot\u0159eby zdarma,\u00a0toaleta,\u00a0koupelna,\u00a0topen\u00ed,\u00a0satelitn\u00ed programy, vana nebo sprcha,\u00a0koberec,\u00a0TV s plochou obrazovkou,\u00a0soukrom\u00fd vchod do budovy,\u00a0zvukov\u00e1 izolace, v\u00fdhled,\u00a0bud\u00edk,\u00a0sk\u0159\u00ed\u0148\/\u0161atna,\u00a0v\u00fdhled do zahrady,\u00a0ru\u010dn\u00edky,\u00a0povle\u010den\u00ed,\u00a0vy\u0161\u0161\u00ed patra jsou dostupn\u00e1 pouze po schodech,\u00a0v\u011b\u0161\u00e1k na oble\u010den\u00ed,\u00a0su\u0161\u00e1k na [&hellip;]<\/p>\n","protected":false},"author":1,"featured_media":0,"parent":0,"menu_order":0,"comment_status":"closed","ping_status":"closed","template":"","meta":{"footnotes":""},"class_list":["post-342","page","type-page","status-publish","hentry"],"_links":{"self":[{"href":"https:\/\/penzion-janostik.cz\/index.php\/wp-json\/wp\/v2\/pages\/342","targetHints":{"allow":["GET"]}}],"collection":[{"href":"https:\/\/penzion-janostik.cz\/index.php\/wp-json\/wp\/v2\/pages"}],"about":[{"href":"https:\/\/penzion-janostik.cz\/index.php\/wp-json\/wp\/v2\/types\/page"}],"author":[{"embeddable":true,"href":"https:\/\/penzion-janostik.cz\/index.php\/wp-json\/wp\/v2\/users\/1"}],"replies":[{"embeddable":true,"href":"https:\/\/penzion-janostik.cz\/index.php\/wp-json\/wp\/v2\/comments?post=342"}],"version-history":[{"count":4,"href":"https:\/\/penzion-janostik.cz\/index.php\/wp-json\/wp\/v2\/pages\/342\/revisions"}],"predecessor-version":[{"id":357,"href":"https:\/\/penzion-janostik.cz\/index.php\/wp-json\/wp\/v2\/pages\/342\/revisions\/357"}],"wp:attachment":[{"href":"https:\/\/penzion-janostik.cz\/index.php\/wp-json\/wp\/v2\/media?parent=342"}],"curies":[{"name":"wp","href":"https:\/\/api.w.org\/{rel}","templated":true}]}}